{"id":1530,"date":"2025-09-03T19:21:52","date_gmt":"2025-09-03T17:21:52","guid":{"rendered":"https:\/\/www.luciana.es\/?page_id=1530"},"modified":"2025-09-03T20:11:20","modified_gmt":"2025-09-03T18:11:20","slug":"fiestas-patronales-2025","status":"publish","type":"page","link":"https:\/\/www.luciana.es\/?page_id=1530","title":{"rendered":"Fiestas patronales 2025"},"content":{"rendered":"<p>[et_pb_section fb_built=\u00bb1&#8243; admin_label=\u00bbAbout\u00bb _builder_version=\u00bb4.27.4&#8243; background_color=\u00bb#000000&#8243; background_image=\u00bbhttps:\/\/www.luciana.es\/wp-content\/uploads\/2025\/09\/octava-2013-60-scaled.jpg\u00bb background_size=\u00bbcontain\u00bb background_blend=\u00bblighten\u00bb min_height=\u00bb1205.9px\u00bb custom_padding=\u00bb||0px|||\u00bb global_colors_info=\u00bb{}\u00bb][et_pb_row _builder_version=\u00bb4.27.4&#8243; custom_margin=\u00bb-35px|auto||252px||\u00bb custom_padding=\u00bb|145px||145px||true\u00bb animation_style=\u00bbzoom\u00bb global_colors_info=\u00bb{}\u00bb][et_pb_column type=\u00bb4_4&#8243; _builder_version=\u00bb4.16&#8243; custom_padding=\u00bb|||\u00bb global_colors_info=\u00bb{}\u00bb custom_padding__hover=\u00bb|||\u00bb][et_pb_text _builder_version=\u00bb4.27.4&#8243; text_font=\u00bb||||||||\u00bb text_font_size=\u00bb15px\u00bb text_line_height=\u00bb2em\u00bb header_font=\u00bb||||||||\u00bb header_2_font=\u00bbPlayfair Display|700|||||||\u00bb header_2_font_size=\u00bb42px\u00bb header_2_line_height=\u00bb1.5em\u00bb header_3_font=\u00bbRubik|500||on|||||\u00bb header_3_text_align=\u00bbleft\u00bb header_3_text_color=\u00bb#61BAFF\u00bb header_3_font_size=\u00bb16px\u00bb header_3_letter_spacing=\u00bb2px\u00bb header_3_line_height=\u00bb2em\u00bb max_width=\u00bb1049px\u00bb custom_padding=\u00bb3px|41px|0px|||\u00bb text_font_size_tablet=\u00bb\u00bb text_font_size_phone=\u00bb14px\u00bb text_font_size_last_edited=\u00bbon|phone\u00bb header_2_font_size_tablet=\u00bb32px\u00bb header_2_font_size_phone=\u00bb22px\u00bb header_2_font_size_last_edited=\u00bbon|phone\u00bb header_3_text_shadow_style=\u00bbpreset2&#8243; header_3_text_shadow_vertical_length=\u00bb0.46em\u00bb global_colors_info=\u00bb{}\u00bb]<\/p>\n<h3 style=\"text-align: center;\"><span style=\"font-size: x-large; color: #e02b20;\"><span style=\"font-size: xx-large; color: #1bc1c1;\">NUESTRA SE\u00d1ORA DEL ROSARIO<\/span>\u00a0<\/span><\/h3>\n<p>[\/et_pb_text][\/et_pb_column][\/et_pb_row][et_pb_row column_structure=\u00bb1_2,1_2&#8243; _builder_version=\u00bb4.27.4&#8243; _module_preset=\u00bbdefault\u00bb global_colors_info=\u00bb{}\u00bb][et_pb_column type=\u00bb1_2&#8243; _builder_version=\u00bb4.27.4&#8243; _module_preset=\u00bbdefault\u00bb global_colors_info=\u00bb{}\u00bb][et_pb_text _builder_version=\u00bb4.27.4&#8243; _module_preset=\u00bbdefault\u00bb text_text_color=\u00bb#FFFFFF\u00bb background_color=\u00bbRGBA(255,255,255,0)\u00bb use_background_color_gradient=\u00bbon\u00bb background_color_gradient_type=\u00bbelliptical\u00bb background_color_gradient_stops=\u00bb#000000 44%|rgba(255,255,255,0) 100%\u00bb custom_padding=\u00bb27px|||101px||\u00bb text_text_shadow_style=\u00bbpreset3&#8243; text_text_shadow_vertical_length=\u00bb0.73em\u00bb global_colors_info=\u00bb{}\u00bb]<\/p>\n<p><span style=\"color: #0c71c3;\"><strong>VIERNES 5:<\/strong><\/span><\/p>\n<p><span style=\"color: #e04f47;\">11:00h.<\/span> JUEGOS TRADICIONALES. Colabora Asociaci\u00f3n Juvenil Lucianegos. Paseo de los\u00a0 Eucaliptos.<\/p>\n<p><span style=\"color: #e04f47;\">12:00h.<\/span>\u00a0COMPETICION DE TRUQUE. Area Recreativa Los Ejidos. Inscripciones: 5\u20ac por pareja.<\/p>\n<p><span style=\"color: #e04f47;\">16:00h. <\/span>COMPETICION DE CUATROLA. Bar El Chiqui: Inscripciones: 5\u20ac por pareja.<\/p>\n<p><span style=\"color: #e04f47;\">20:00h.<\/span>\u00a0INAUGURACION OFICIAL DE LA FERIA Y FIESTAS 2025. PASACALLES Y CABEZUDOS ACOMPA\u00d1ADOS POR LA AGRUPACION MUSICAL DE LUCIANA. Salida desde La Glorieta recorriendo las principales calles de Luciana.<\/p>\n<p><span style=\"color: #e04f47;\">23:30 h.<\/span> ACTO DE HOMENAJE\u00a0 A VICTOR CASTRO MATEO. Pregonero de las Fiestas 2025,\u00a0 en reconocimiento a su trayectoria deportiva.<\/p>\n<p>A CONTINUACION \u00a0PRESENTACION REINAS Y MISTERS DE LAS FIESTAS 2025.\u00a0 FIN DE LOS ACTOS CON \u00a0VERBENA POPULAR AMENIZADA POR LA \u201cORQUESTA ATRIUM 55\u201d. Plaza Consistorial.<\/p>\n<p><span style=\"color: #0c71c3;\"><strong>S\u00c1BADO 6:<\/strong><\/span><\/p>\n<p><span style=\"color: #e04f47;\">10:00 h. <\/span>COMPETICION DE TIRO AL PLATO . Explanada Morro de la Virgen.<\/p>\n<p><span style=\"color: #e04f47;\">11:00 h.<\/span> EXHIBICION DE COCHES ANTIGUOS. Recorrido por la localidad.<\/p>\n<p><span style=\"color: #e04f47;\">18:00 h.<\/span> FESTIVAL TAURINO Y SUELTA DE VAQUILLAS \u00a0con VICTOR PUERTO Y JUAN ROBLES.Plaza de Toros.<\/p>\n<p><span style=\"color: #e04f47;\">00:00 h.<\/span> VERBENA POPULAR AMENIZADA POR LA\u201d ORQUESTA TITANIO\u201d<\/p>\n<p>[\/et_pb_text][\/et_pb_column][et_pb_column type=\u00bb1_2&#8243; _builder_version=\u00bb4.27.4&#8243; _module_preset=\u00bbdefault\u00bb global_colors_info=\u00bb{}\u00bb][et_pb_text _builder_version=\u00bb4.27.4&#8243; _module_preset=\u00bbdefault\u00bb text_text_color=\u00bb#FFFFFF\u00bb use_background_color_gradient=\u00bbon\u00bb background_color_gradient_type=\u00bbelliptical\u00bb background_color_gradient_stops=\u00bb#000000 62%|rgba(255,255,255,0) 99%\u00bb min_height=\u00bb823.9px\u00bb custom_padding=\u00bb18px|||41px||\u00bb hover_enabled=\u00bb0&#8243; global_colors_info=\u00bb{}\u00bb sticky_enabled=\u00bb0&#8243;]<\/p>\n<p style=\"text-align: right;\"><span style=\"color: #0c71c3;\"><strong>DOMINGO 7:<\/strong><\/span><\/p>\n<p><strong>\u00a0<\/strong><span style=\"font-size: 14px;\"><span style=\"color: #e04f47;\">09:00 h.<\/span> COMPETICION DE PETANCA. Colabora Asociaci\u00f3n de Jubilados. Inscripci\u00f3n 5\u20ac.<\/span><\/p>\n<p><span style=\"color: #e02b20;\">14:00 h. <\/span>BAILE DEL VERMUT. Amenizado por el grupo \u201cDESPACITO Y AL COMPAS\u201d. Paseo de los Eucaliptos\u201d.<\/p>\n<p><span style=\"color: #e04f47;\">18:00 h.<\/span> GRAND PRIX. Competici\u00f3n de grupos. Plaza de Toros.<\/p>\n<p><span style=\"color: #e04f47;\">00:00 h.<\/span> VERBENA POPULAR AMENIZADA POR LA ORQUESTA \u201cVERANO AZUL\u201d<\/p>\n<p>&nbsp;<\/p>\n<p style=\"text-align: right;\"><span style=\"color: #0c71c3;\"><strong>LUNES 8:<\/strong><\/span><\/p>\n<p><span style=\"color: #e04f47;\">12:00 h.<\/span> SOLEMNE FUNCION RELIGIOSA EN HONOR A NUESTRA EXCELSA PATRONA SANT\u00cdSIMA VIRGEN DEL ROSARIO.<\/p>\n<p>A continuaci\u00f3n TRADICIONAL INVITACION ofrecida por el Ayuntamiento al vecindario. Sal\u00f3n de Usos M\u00faltiples.<\/p>\n<p><span style=\"color: #e04f47;\">21:00 h. <\/span>SOLEMNE PROCESI\u00d3N DE NUESTRA EXCELSA PATRONA SANT\u00cdSIMA VIRGEN DEL ROSARIO, ACOMPA\u00d1ADA POR LA AGRUPACION MUSICAL DE LUCIANA.<\/p>\n<p><span style=\"color: #e04f47;\">00:00 h.<\/span> VERBENA POPULAR AMENIZADA POR LA\u201d ORQUESTA YESVI &amp; CIA\u201d<\/p>\n<p>&nbsp;<\/p>\n<p style=\"text-align: right;\"><span style=\"color: #0c71c3;\"><strong>MARTES 9:<\/strong><\/span><\/p>\n<p><strong>\u00a0<\/strong><\/p>\n<p><span style=\"color: #e04f47;\">14:00 h.<\/span>\u00a0COMIDA POPULAR PARA TODO EL VECINDARIO. \u00c1rea Recreativa Los Ejidos.<\/p>\n<p>[\/et_pb_text][\/et_pb_column][\/et_pb_row][\/et_pb_section]<\/p>\n","protected":false},"excerpt":{"rendered":"<p>NUESTRA SE\u00d1ORA DEL ROSARIO\u00a0VIERNES 5: 11:00h. JUEGOS TRADICIONALES. Colabora Asociaci\u00f3n Juvenil Lucianegos. Paseo de los\u00a0 Eucaliptos. 12:00h.\u00a0COMPETICION DE TRUQUE. Area Recreativa Los Ejidos. Inscripciones: 5\u20ac por pareja. 16:00h. COMPETICION DE CUATROLA. Bar El Chiqui: Inscripciones: 5\u20ac por pareja. 20:00h.\u00a0INAUGURACION OFICIAL DE LA FERIA Y FIESTAS 2025. PASACALLES Y CABEZUDOS ACOMPA\u00d1ADOS POR LA AGRUPACION MUSICAL DE [&hellip;]<\/p>\n","protected":false},"author":1,"featured_media":0,"parent":0,"menu_order":0,"comment_status":"closed","ping_status":"closed","template":"","meta":{"_et_pb_use_builder":"on","_et_pb_old_content":"","_et_gb_content_width":"","footnotes":""},"class_list":["post-1530","page","type-page","status-publish","hentry"],"_links":{"self":[{"href":"https:\/\/www.luciana.es\/index.php?rest_route=\/wp\/v2\/pages\/1530","targetHints":{"allow":["GET"]}}],"collection":[{"href":"https:\/\/www.luciana.es\/index.php?rest_route=\/wp\/v2\/pages"}],"about":[{"href":"https:\/\/www.luciana.es\/index.php?rest_route=\/wp\/v2\/types\/page"}],"author":[{"embeddable":true,"href":"https:\/\/www.luciana.es\/index.php?rest_route=\/wp\/v2\/users\/1"}],"replies":[{"embeddable":true,"href":"https:\/\/www.luciana.es\/index.php?rest_route=%2Fwp%2Fv2%2Fcomments&post=1530"}],"version-history":[{"count":8,"href":"https:\/\/www.luciana.es\/index.php?rest_route=\/wp\/v2\/pages\/1530\/revisions"}],"predecessor-version":[{"id":1551,"href":"https:\/\/www.luciana.es\/index.php?rest_route=\/wp\/v2\/pages\/1530\/revisions\/1551"}],"wp:attachment":[{"href":"https:\/\/www.luciana.es\/index.php?rest_route=%2Fwp%2Fv2%2Fmedia&parent=1530"}],"curies":[{"name":"wp","href":"https:\/\/api.w.org\/{rel}","templated":true}]}}